4
In base 6, what is -1143 - 23015331?
-23020514
In base 2, what is -11100110110101000011001 + 111?
-11100110110101000010010
In base 2, what is -100 + -10000011010001011111000?
-10000011010001011111100
In base 7, what is -256224404 - 1?
-256224405
In base 10, what is 318 - 358463?
-358145
In base 14, what is -4 + -b0a221?
-b0a225
In base 15, what is 13d + 5ac97?
5add5
In base 16, what is 4 + -61ac560?
-61ac55c
In base 6, what is -112141435014 + 0?
-112141435014
In base 7, what is 304210134 - 0?
304210134
In base 6, what is -12 - -2341242245?
2341242233
In base 4, what is 1310311 + -13012?
1231233
In base 5, what is -123322011 - -1140?
-123320321
In base 7, what is 56011243 + -12?
56011231
In base 12, what is -37bb - -7320?
3721
In base 9, what is 1847 - -130186?
132144
In base 9, what is -224264 - -6582?
-216572
In base 16, what is b2 - -208f1?
209a3
In base 11, what is 304614a - -a?
3046159
In base 5, what is -33034410 - 234?
-33040144
In base 3, what is -1110020 - 2211100?
-11021120
In base 7, what is 24034102 - 12?
24034060
In base 15, what is -28d2 - -2e?
-28a3
In base 5, what is 4 - 13123141?
-13123132
In base 10, what is 18851286 + -1?
18851285
In base 16, what is 2724 + -3c7f?
-155b
In base 5, what is 2012 + 340433?
343000
In base 15, what is -60419da + -5?
-60419e0
In base 13, what is 292a8c - -3b?
292aca
In base 8, what is -3224 - 641?
-4065
In base 6, what is 21143322 + -1515?
21141403
In base 16, what is 773 - -119b?
190e
In base 6, what is 105321044 + 232?
105321320
In base 3, what is -1022100 + -102001000111?
-102002022211
In base 5, what is 2200 - -404010142?
404012342
In base 10, what is 651 - 1693?
-1042
In base 3, what is 1020110 + -1000212?
12121
In base 2, what is 11 - -1100100011110010100000000101?
1100100011110010100000001000
In base 14, what is -38206 + -32?
-38238
In base 8, what is 153124175 + 2?
153124177
In base 7, what is 26002155 - 66?
26002056
In base 15, what is -305c1 + -2a5?
-30876
In base 6, what is -1342530 - 205?
-1343135
In base 2, what is 110000000110001001111 + -100?
110000000110001001011
In base 11, what is 3 + -106211?
-106209
In base 5, what is -3 + 1201044343?
1201044340
In base 12, what is -46 - 5607492?
-5607518
In base 16, what is -6 - a2f54e?
-a2f554
In base 14, what is -9dd372 + -6?
-9dd378
In base 12, what is a2743b4 - 5?
a2743ab
In base 16, what is -16fa - -4e2?
-1218
In base 15, what is -6db99d - -c?
-6db991
In base 14, what is -41227b + 105?
-412176
In base 11, what is 6605 + -678?
5a38
In base 3, what is 10 - 1011021202100101?
-1011021202100021
In base 6, what is 5 + -43034121210?
-43034121201
In base 9, what is 1 - -24?
25
In base 13, what is 64 - -880c3c?
880ca3
In base 9, what is 722 - 1746854?
-1746132
In base 16, what is 4 + b49adfa?
b49adfe
In base 3, what is -22 + -12110012211121?
-12110012211220
In base 16, what is -29c2 + -2819?
-51db
In base 14, what is -354111cb - 0?
-354111cb
In base 15, what is 16d9 + -7cc37?
-7b54d
In base 3, what is -10202 - 10221021112222?
-10221021200201
In base 10, what is -4391 + -520?
-4911
In base 14, what is 7b4 + 4b9?
c8d
In base 11, what is 3a - -a86515?
a86554
In base 12, what is 897871 - -34?
8978a5
In base 11, what is 3 + -1a79806?
-1a79803
In base 16, what is 41b + -233c?
-1f21
In base 8, what is -17 + 3533725?
3533706
In base 13, what is -18aa951 - 4?
-18aa955
In base 13, what is 65 + 19798b?
197a23
In base 11, what is -5210 - 373?
-5583
In base 8, what is 0 + 351321026?
351321026
In base 3, what is -102 + -1120010000222121?
-1120010001000000
In base 5, what is -141 + 44100211?
44100020
In base 14, what is -255d47d + 3?
-255d47a
In base 16, what is -3a - -120f30a?
120f2d0
In base 2, what is 0 + -110001111000010110111?
-110001111000010110111
In base 2, what is 101 - 1000011011010001001000?
-1000011011010001000011
In base 13, what is 139a + 288?
1655
In base 5, what is 21203 - 30031?
-3323
In base 10, what is -6 - -71135153?
71135147
In base 11, what is 1535a8 + 37?
153634
In base 6, what is 3410450 - 431?
3410015
In base 15, what is 2 - -10d9d03?
10d9d05
In base 3, what is -2000202010221122 - -10?
-2000202010221112
In base 10, what is -168985 - 4?
-168989
In base 2, what is 11110101 + -1111001000111100001?
-1111001000011101100
In base 5, what is 102204 - 32410?
14244
In base 15, what is 14 + a0a3b?
a0a50
In base 8, what is 4 - 154656055?
-154656051
In base 16, what is b - -bbb199?
bbb1a4
In base 11, what is 5551 + 1730?
7181
In base 13, what is 2 - 1139a8b9?
-1139a8b7
In base 9, what is 22210218 + 2?
22210221
In base 2, what is -1001101010100011010110 + 10101?
-1001101010100011000001
In base 13, what is 1a36554 - -46?
1a3659a
In base 10, what is 69036 + 2351?
71387
In base 6, what is -1044 - 2034155?
-2035243
In base 13, what is -5 + -2781653?
-2781658
In base 12, what is -37 + -94826b?
-9482a6
In base 6, what is 140 - -104311431?
104312011
In base 10, what is 80695867 + -1?
80695866
In base 13, what is -2c570 - -1067?
-2b506
In base 8, what is 1 - 477467035?
-477467034
In base 5, what is 332042 - 101344?
230143
In base 5, what is -1433204023 - -20?
-1433204003
In base 5, what is 2232142343 + -1?
2232142342
In base 6, what is 34 + 123050303?
123050341
In base 14, what is 2b - -1bd32?
1bd5d
In base 5, what is -2 + 3122341424?
3122341422
In base 13, what is -a + -3237ac?
-3237b9
In base 10, what is 0 - -190339097?
190339097
In base 8, what is 1 + 76532760?
76532761
In base 11, what is -13 + -585878?
-585890
In base 13, what is 2b49005 - -4?
2b49009
In base 15, what is 1 + -8e5954?
-8e5953
In base 8, what is -64332373 - -3?
-64332370
In base 9, what is -64174035 - 4?
-64174040
In base 7, what is 30423036 + 4?
30423043
In base 15, what is 5 - 3a793c4?
-3a793be
In base 10, what is -1079661 + 146?
-1079515
In base 10, what is -9865 - -19063?
9198
In base 9, what is 4 + 15878670?
15878674
In base 8, what is 266 - -43202?
43470
In base 2, what is -10110100 + -1000110110101?
-1001001101001
In base 13, what is 3c906 - 25?
3c8b1
In base 2, what is -100010101100100000101101 - 11111?
-100010101100100001001100
In base 8, what is 142000 - -52?
142052
In base 15, what is b6 - 2a52a?
-2a464
In base 14, what is 808 - -2d1b?
3725
In base 10, what is -2454 - 443418?
-445872
In base 9, what is -17524343 - 15?
-17524358
In base 14, what is 2547cb - 1?
2547ca
In base 8, what is 102 + -542102?
-542000
In base 3, what is -1220122 - 21002100?
-22222222
In base 3, what is 1001010010 - 11211112?
212021121
In base 14, what is 7025 + ca58?
15a7d
In base 15, what is -42a6 + -44a?
-4701
In base 14, what is -3641b - -41?
-363ba
In base 2, what is 1001101111110000001001011101 + 0?
1001101111110000001001011101
In base 7, what is 6 - 2515434?
-2515425
In base 13, what is -a474 - -559?
-9c18
In base 13, what is 7a83 - 88?
79c8
In base 11, what is 594 + 15528?
16011
In base 13, what is -861c2ac5 - -1?
-861c2ac4
In base 3, what is 10 + -1201100220201220?
-1201100220201210
In base 3, what is -1212010210212002 + -20?
-1212010210212022
In base 13, what is -682c56 + 2?
-682c54
In base 15, what is -c - -2618d3?
2618c6
In base 13, what is -97027373 - 0?
-97027373
In base 14, what is c8a - 83a?
450
In base 5, what is -144 - -4233130?
4232431
In base 3, what is 1202122112222100 - -101?
1202122112222201
In base 3, what is 11110001011 + -2202011?
11100022000
In base 14, what is -9 + -c39130?
-c39139
In base 14, what is -2569b5cd + 0?
-2569b5cd
In base 11, what is 0 - 1838478?
-1838478
In base 11, what is 330 + -20666?
-20336
In base 14, what is a6 - 1c318c?
-1c30c6
In base 14, what is 24 + 1539c82?
1539ca6
In base 3, what is -102102200121111 - 210?
-102102200122021
In base 13, what is 268384 - -64?
268418
In base 15, what is -16 + 20a959?
20a943
In base 5, what is -2421241 + -4233?
-2431024
In base 12, what is -511235 - -100?
-511135
In base 5, what is 14303010130 - -1?
14303010131
In base 5, what is 2 - 1003224113?
-1003224111
In base 9, what is -11150 - 328?
-11478
In base 14, what is 1 + -6654aa5?
-6654aa4
In base 7, what is 52141 - 421206?
-336035
In base 6, what is 1452201 + -322?
1451435
In base 15, what is 13e + -6bcae?
-6bb70
In base 14, what is -13 - 32600?
-32613
In base 12, what is -50 - -31111?
31081
In base 3, what is 110100021221 + -10012200?
110020002021
In base 3, what is 11 